

{"id":19997,"date":"2020-07-02T14:33:54","date_gmt":"2020-07-02T12:33:54","guid":{"rendered":"http:\/\/visitemporda.com\/mitjans-i-operadors-turistics\/"},"modified":"2021-08-03T13:10:07","modified_gmt":"2021-08-03T11:10:07","slug":"mitjans-i-operadors-turistics","status":"publish","type":"page","link":"https:\/\/visitemporda.com\/fr\/professionals\/mitjans-i-operadors-turistics\/","title":{"rendered":"Moyens et agences de voyages"},"content":{"rendered":"<p>L\u2019\u00c0rea de Turisme del Consell Comarcal del Baix Empord\u00e0 (Secteur du Tourisme du Conseil Cantonal du Baix Empord\u00e0) \u0153uvre \u00e9galement \u00e0 la diffusion de l\u2019Empord\u00e0 et de la Costa Brava \u00e0 \u00e9chelle mondiale, notamment leurs ressources et leurs atouts. Une source de renseignements pour ces agents professionnels (presse, bloggeurs, agences de voyages, etc.) qui souhaitent des informations d\u00e9taill\u00e9es sur le Baix Empord\u00e0 pour leur activit\u00e9 professionnelle.<\/p>\n","protected":false},"excerpt":{"rendered":"<p>L\u2019\u00c0rea de Turisme del Consell Comarcal del Baix Empord\u00e0 (Secteur du Tourisme du Conseil Cantonal du Baix Empord\u00e0) \u0153uvre \u00e9galement \u00e0 la diffusion de l\u2019Empord\u00e0 et de la Costa Brava \u00e0 \u00e9chelle mondiale, notamment leurs ressources et leurs atouts. Une source de renseignements pour ces agents professionnels (presse, bloggeurs, agences de voyages, etc.) qui souhaitent [&hellip;]<\/p>\n","protected":false},"author":5,"featured_media":17697,"parent":22907,"menu_order":0,"comment_status":"closed","ping_status":"closed","template":"page-templates\/estil_2.php","meta":{"_acf_changed":false,"footnotes":""},"class_list":["post-19997","page","type-page","status-publish","has-post-thumbnail","hentry"],"acf":[],"yoast_head":"<!-- This site is optimized with the Yoast SEO plugin v27.5 - https:\/\/yoast.com\/product\/yoast-seo-wordpress\/ -->\n<title>Moyens et agences de voyages - Visit Empord\u00e0<\/title>\n<meta name=\"robots\" content=\"index, follow, max-snippet:-1, max-image-preview:large, max-video-preview:-1\" \/>\n<link rel=\"canonical\" href=\"https:\/\/visitemporda.com\/fr\/professionals\/mitjans-i-operadors-turistics\/\" \/>\n<meta property=\"og:locale\" content=\"fr_FR\" \/>\n<meta property=\"og:type\" content=\"article\" \/>\n<meta property=\"og:title\" content=\"Moyens et agences de voyages - Visit Empord\u00e0\" \/>\n<meta property=\"og:description\" content=\"L\u2019\u00c0rea de Turisme del Consell Comarcal del Baix Empord\u00e0 (Secteur du Tourisme du Conseil Cantonal du Baix Empord\u00e0) \u0153uvre \u00e9galement \u00e0 la diffusion de l\u2019Empord\u00e0 et de la Costa Brava \u00e0 \u00e9chelle mondiale, notamment leurs ressources et leurs atouts. Une source de renseignements pour ces agents professionnels (presse, bloggeurs, agences de voyages, etc.) qui souhaitent [&hellip;]\" \/>\n<meta property=\"og:url\" content=\"https:\/\/visitemporda.com\/fr\/professionals\/mitjans-i-operadors-turistics\/\" \/>\n<meta property=\"og:site_name\" content=\"Visit Empord\u00e0\" \/>\n<meta property=\"article:publisher\" content=\"https:\/\/www.facebook.com\/baixempordaturisme\" \/>\n<meta property=\"article:modified_time\" content=\"2021-08-03T11:10:07+00:00\" \/>\n<meta property=\"og:image\" content=\"https:\/\/visitemporda.com\/wp-content\/uploads\/2020\/07\/photo-1483546416237-76fd26bbcdd1.jpg\" \/>\n\t<meta property=\"og:image:width\" content=\"1350\" \/>\n\t<meta property=\"og:image:height\" content=\"900\" \/>\n\t<meta property=\"og:image:type\" content=\"image\/jpeg\" \/>\n<meta name=\"twitter:card\" content=\"summary_large_image\" \/>\n<meta name=\"twitter:site\" content=\"@baixemporda_tur\" \/>\n<script type=\"application\/ld+json\" class=\"yoast-schema-graph\">{\"@context\":\"https:\\\/\\\/schema.org\",\"@graph\":[{\"@type\":\"WebPage\",\"@id\":\"https:\\\/\\\/visitemporda.com\\\/fr\\\/professionals\\\/mitjans-i-operadors-turistics\\\/\",\"url\":\"https:\\\/\\\/visitemporda.com\\\/fr\\\/professionals\\\/mitjans-i-operadors-turistics\\\/\",\"name\":\"Moyens et agences de voyages - Visit Empord\u00e0\",\"isPartOf\":{\"@id\":\"https:\\\/\\\/visitemporda.com\\\/fr\\\/#website\"},\"primaryImageOfPage\":{\"@id\":\"https:\\\/\\\/visitemporda.com\\\/fr\\\/professionals\\\/mitjans-i-operadors-turistics\\\/#primaryimage\"},\"image\":{\"@id\":\"https:\\\/\\\/visitemporda.com\\\/fr\\\/professionals\\\/mitjans-i-operadors-turistics\\\/#primaryimage\"},\"thumbnailUrl\":\"https:\\\/\\\/visitemporda.com\\\/wp-content\\\/uploads\\\/2020\\\/07\\\/photo-1483546416237-76fd26bbcdd1.jpg\",\"datePublished\":\"2020-07-02T12:33:54+00:00\",\"dateModified\":\"2021-08-03T11:10:07+00:00\",\"breadcrumb\":{\"@id\":\"https:\\\/\\\/visitemporda.com\\\/fr\\\/professionals\\\/mitjans-i-operadors-turistics\\\/#breadcrumb\"},\"inLanguage\":\"fr-FR\",\"potentialAction\":[{\"@type\":\"ReadAction\",\"target\":[\"https:\\\/\\\/visitemporda.com\\\/fr\\\/professionals\\\/mitjans-i-operadors-turistics\\\/\"]}]},{\"@type\":\"ImageObject\",\"inLanguage\":\"fr-FR\",\"@id\":\"https:\\\/\\\/visitemporda.com\\\/fr\\\/professionals\\\/mitjans-i-operadors-turistics\\\/#primaryimage\",\"url\":\"https:\\\/\\\/visitemporda.com\\\/wp-content\\\/uploads\\\/2020\\\/07\\\/photo-1483546416237-76fd26bbcdd1.jpg\",\"contentUrl\":\"https:\\\/\\\/visitemporda.com\\\/wp-content\\\/uploads\\\/2020\\\/07\\\/photo-1483546416237-76fd26bbcdd1.jpg\",\"width\":1350,\"height\":900,\"caption\":\"llibreta amb un llapis a sobre\"},{\"@type\":\"BreadcrumbList\",\"@id\":\"https:\\\/\\\/visitemporda.com\\\/fr\\\/professionals\\\/mitjans-i-operadors-turistics\\\/#breadcrumb\",\"itemListElement\":[{\"@type\":\"ListItem\",\"position\":1,\"name\":\"Inici\",\"item\":\"https:\\\/\\\/visitemporda.com\\\/fr\\\/\"},{\"@type\":\"ListItem\",\"position\":2,\"name\":\"Professionnels\",\"item\":\"https:\\\/\\\/visitemporda.com\\\/fr\\\/professionals\\\/\"},{\"@type\":\"ListItem\",\"position\":3,\"name\":\"Moyens et agences de voyages\"}]},{\"@type\":\"WebSite\",\"@id\":\"https:\\\/\\\/visitemporda.com\\\/fr\\\/#website\",\"url\":\"https:\\\/\\\/visitemporda.com\\\/fr\\\/\",\"name\":\"Visit Empord\u00e0\",\"description\":\"Site officiel du tourisme du Baix Empord\u00e0\",\"publisher\":{\"@id\":\"https:\\\/\\\/visitemporda.com\\\/fr\\\/#organization\"},\"potentialAction\":[{\"@type\":\"SearchAction\",\"target\":{\"@type\":\"EntryPoint\",\"urlTemplate\":\"https:\\\/\\\/visitemporda.com\\\/fr\\\/?s={search_term_string}\"},\"query-input\":{\"@type\":\"PropertyValueSpecification\",\"valueRequired\":true,\"valueName\":\"search_term_string\"}}],\"inLanguage\":\"fr-FR\"},{\"@type\":\"Organization\",\"@id\":\"https:\\\/\\\/visitemporda.com\\\/fr\\\/#organization\",\"name\":\"Consell Comarcal del Baix Empord\u00e0\",\"url\":\"https:\\\/\\\/visitemporda.com\\\/fr\\\/\",\"logo\":{\"@type\":\"ImageObject\",\"inLanguage\":\"fr-FR\",\"@id\":\"https:\\\/\\\/visitemporda.com\\\/fr\\\/#\\\/schema\\\/logo\\\/image\\\/\",\"url\":\"https:\\\/\\\/visitemporda.com\\\/wp-content\\\/uploads\\\/2024\\\/11\\\/Logotip_CCBE.png\",\"contentUrl\":\"https:\\\/\\\/visitemporda.com\\\/wp-content\\\/uploads\\\/2024\\\/11\\\/Logotip_CCBE.png\",\"width\":3617,\"height\":3617,\"caption\":\"Consell Comarcal del Baix Empord\u00e0\"},\"image\":{\"@id\":\"https:\\\/\\\/visitemporda.com\\\/fr\\\/#\\\/schema\\\/logo\\\/image\\\/\"},\"sameAs\":[\"https:\\\/\\\/www.facebook.com\\\/baixempordaturisme\",\"https:\\\/\\\/x.com\\\/baixemporda_tur\",\"https:\\\/\\\/www.instagram.com\\\/visitemporda\"]}]}<\/script>\n<!-- \/ Yoast SEO plugin. -->","yoast_head_json":{"title":"Moyens et agences de voyages - Visit Empord\u00e0","robots":{"index":"index","follow":"follow","max-snippet":"max-snippet:-1","max-image-preview":"max-image-preview:large","max-video-preview":"max-video-preview:-1"},"canonical":"https:\/\/visitemporda.com\/fr\/professionals\/mitjans-i-operadors-turistics\/","og_locale":"fr_FR","og_type":"article","og_title":"Moyens et agences de voyages - Visit Empord\u00e0","og_description":"L\u2019\u00c0rea de Turisme del Consell Comarcal del Baix Empord\u00e0 (Secteur du Tourisme du Conseil Cantonal du Baix Empord\u00e0) \u0153uvre \u00e9galement \u00e0 la diffusion de l\u2019Empord\u00e0 et de la Costa Brava \u00e0 \u00e9chelle mondiale, notamment leurs ressources et leurs atouts. Une source de renseignements pour ces agents professionnels (presse, bloggeurs, agences de voyages, etc.) qui souhaitent [&hellip;]","og_url":"https:\/\/visitemporda.com\/fr\/professionals\/mitjans-i-operadors-turistics\/","og_site_name":"Visit Empord\u00e0","article_publisher":"https:\/\/www.facebook.com\/baixempordaturisme","article_modified_time":"2021-08-03T11:10:07+00:00","og_image":[{"width":1350,"height":900,"url":"https:\/\/visitemporda.com\/wp-content\/uploads\/2020\/07\/photo-1483546416237-76fd26bbcdd1.jpg","type":"image\/jpeg"}],"twitter_card":"summary_large_image","twitter_site":"@baixemporda_tur","schema":{"@context":"https:\/\/schema.org","@graph":[{"@type":"WebPage","@id":"https:\/\/visitemporda.com\/fr\/professionals\/mitjans-i-operadors-turistics\/","url":"https:\/\/visitemporda.com\/fr\/professionals\/mitjans-i-operadors-turistics\/","name":"Moyens et agences de voyages - Visit Empord\u00e0","isPartOf":{"@id":"https:\/\/visitemporda.com\/fr\/#website"},"primaryImageOfPage":{"@id":"https:\/\/visitemporda.com\/fr\/professionals\/mitjans-i-operadors-turistics\/#primaryimage"},"image":{"@id":"https:\/\/visitemporda.com\/fr\/professionals\/mitjans-i-operadors-turistics\/#primaryimage"},"thumbnailUrl":"https:\/\/visitemporda.com\/wp-content\/uploads\/2020\/07\/photo-1483546416237-76fd26bbcdd1.jpg","datePublished":"2020-07-02T12:33:54+00:00","dateModified":"2021-08-03T11:10:07+00:00","breadcrumb":{"@id":"https:\/\/visitemporda.com\/fr\/professionals\/mitjans-i-operadors-turistics\/#breadcrumb"},"inLanguage":"fr-FR","potentialAction":[{"@type":"ReadAction","target":["https:\/\/visitemporda.com\/fr\/professionals\/mitjans-i-operadors-turistics\/"]}]},{"@type":"ImageObject","inLanguage":"fr-FR","@id":"https:\/\/visitemporda.com\/fr\/professionals\/mitjans-i-operadors-turistics\/#primaryimage","url":"https:\/\/visitemporda.com\/wp-content\/uploads\/2020\/07\/photo-1483546416237-76fd26bbcdd1.jpg","contentUrl":"https:\/\/visitemporda.com\/wp-content\/uploads\/2020\/07\/photo-1483546416237-76fd26bbcdd1.jpg","width":1350,"height":900,"caption":"llibreta amb un llapis a sobre"},{"@type":"BreadcrumbList","@id":"https:\/\/visitemporda.com\/fr\/professionals\/mitjans-i-operadors-turistics\/#breadcrumb","itemListElement":[{"@type":"ListItem","position":1,"name":"Inici","item":"https:\/\/visitemporda.com\/fr\/"},{"@type":"ListItem","position":2,"name":"Professionnels","item":"https:\/\/visitemporda.com\/fr\/professionals\/"},{"@type":"ListItem","position":3,"name":"Moyens et agences de voyages"}]},{"@type":"WebSite","@id":"https:\/\/visitemporda.com\/fr\/#website","url":"https:\/\/visitemporda.com\/fr\/","name":"Visit Empord\u00e0","description":"Site officiel du tourisme du Baix Empord\u00e0","publisher":{"@id":"https:\/\/visitemporda.com\/fr\/#organization"},"potentialAction":[{"@type":"SearchAction","target":{"@type":"EntryPoint","urlTemplate":"https:\/\/visitemporda.com\/fr\/?s={search_term_string}"},"query-input":{"@type":"PropertyValueSpecification","valueRequired":true,"valueName":"search_term_string"}}],"inLanguage":"fr-FR"},{"@type":"Organization","@id":"https:\/\/visitemporda.com\/fr\/#organization","name":"Consell Comarcal del Baix Empord\u00e0","url":"https:\/\/visitemporda.com\/fr\/","logo":{"@type":"ImageObject","inLanguage":"fr-FR","@id":"https:\/\/visitemporda.com\/fr\/#\/schema\/logo\/image\/","url":"https:\/\/visitemporda.com\/wp-content\/uploads\/2024\/11\/Logotip_CCBE.png","contentUrl":"https:\/\/visitemporda.com\/wp-content\/uploads\/2024\/11\/Logotip_CCBE.png","width":3617,"height":3617,"caption":"Consell Comarcal del Baix Empord\u00e0"},"image":{"@id":"https:\/\/visitemporda.com\/fr\/#\/schema\/logo\/image\/"},"sameAs":["https:\/\/www.facebook.com\/baixempordaturisme","https:\/\/x.com\/baixemporda_tur","https:\/\/www.instagram.com\/visitemporda"]}]}},"_links":{"self":[{"href":"https:\/\/visitemporda.com\/fr\/wp-json\/wp\/v2\/pages\/19997","targetHints":{"allow":["GET"]}}],"collection":[{"href":"https:\/\/visitemporda.com\/fr\/wp-json\/wp\/v2\/pages"}],"about":[{"href":"https:\/\/visitemporda.com\/fr\/wp-json\/wp\/v2\/types\/page"}],"author":[{"embeddable":true,"href":"https:\/\/visitemporda.com\/fr\/wp-json\/wp\/v2\/users\/5"}],"replies":[{"embeddable":true,"href":"https:\/\/visitemporda.com\/fr\/wp-json\/wp\/v2\/comments?post=19997"}],"version-history":[{"count":5,"href":"https:\/\/visitemporda.com\/fr\/wp-json\/wp\/v2\/pages\/19997\/revisions"}],"predecessor-version":[{"id":34962,"href":"https:\/\/visitemporda.com\/fr\/wp-json\/wp\/v2\/pages\/19997\/revisions\/34962"}],"up":[{"embeddable":true,"href":"https:\/\/visitemporda.com\/fr\/wp-json\/wp\/v2\/pages\/22907"}],"wp:featuredmedia":[{"embeddable":true,"href":"https:\/\/visitemporda.com\/fr\/wp-json\/wp\/v2\/media\/17697"}],"wp:attachment":[{"href":"https:\/\/visitemporda.com\/fr\/wp-json\/wp\/v2\/media?parent=19997"}],"curies":[{"name":"wp","href":"https:\/\/api.w.org\/{rel}","templated":true}]}}

<p>L’Àrea de Turisme del Consell Comarcal del Baix Empordà (Secteur du Tourisme du Conseil Cantonal du Baix Empordà) œuvre également à la diffusion de l’Empordà et de la Costa Brava à échelle mondiale, notamment leurs ressources et leurs atouts. Une source de renseignements pour ces agents professionnels (presse, bloggeurs, agences de voyages, etc.) qui souhaitent des informations détaillées sur le Baix Empordà pour leur activité professionnelle.</p>

<p>L’Àrea de Turisme del Consell Comarcal del Baix Empordà (Secteur du Tourisme du Conseil Cantonal du Baix Empordà) œuvre également à la diffusion de l’Empordà et de la Costa Brava à échelle mondiale, notamment leurs ressources et leurs atouts. Une source de renseignements pour ces agents professionnels (presse, bloggeurs, agences de voyages, etc.) qui souhaitent [&hellip;]</p>

<!-- This site is optimized with the Yoast SEO plugin v27.5 - https://yoast.com/product/yoast-seo-wordpress/ -->
<title>Moyens et agences de voyages - Visit Empordà</title>
<meta name="robots" content="index, follow, max-snippet:-1, max-image-preview:large, max-video-preview:-1" />
<link rel="canonical" href="https://visitemporda.com/fr/professionals/mitjans-i-operadors-turistics/" />
<meta property="og:locale" content="fr_FR" />
<meta property="og:type" content="article" />
<meta property="og:title" content="Moyens et agences de voyages - Visit Empordà" />
<meta property="og:description" content="L’Àrea de Turisme del Consell Comarcal del Baix Empordà (Secteur du Tourisme du Conseil Cantonal du Baix Empordà) œuvre également à la diffusion de l’Empordà et de la Costa Brava à échelle mondiale, notamment leurs ressources et leurs atouts. Une source de renseignements pour ces agents professionnels (presse, bloggeurs, agences de voyages, etc.) qui souhaitent [&hellip;]" />
<meta property="og:url" content="https://visitemporda.com/fr/professionals/mitjans-i-operadors-turistics/" />
<meta property="og:site_name" content="Visit Empordà" />
<meta property="article:publisher" content="https://www.facebook.com/baixempordaturisme" />
<meta property="article:modified_time" content="2021-08-03T11:10:07+00:00" />
<meta property="og:image" content="https://visitemporda.com/wp-content/uploads/2020/07/photo-1483546416237-76fd26bbcdd1.jpg" />
	<meta property="og:image:width" content="1350" />
	<meta property="og:image:height" content="900" />
	<meta property="og:image:type" content="image/jpeg" />
<meta name="twitter:card" content="summary_large_image" />
<meta name="twitter:site" content="@baixemporda_tur" />
<script type="application/ld+json" class="yoast-schema-graph">{"@context":"https:\/\/schema.org","@graph":[{"@type":"WebPage","@id":"https:\/\/visitemporda.com\/fr\/professionals\/mitjans-i-operadors-turistics\/","url":"https:\/\/visitemporda.com\/fr\/professionals\/mitjans-i-operadors-turistics\/","name":"Moyens et agences de voyages - Visit Empordà","isPartOf":{"@id":"https:\/\/visitemporda.com\/fr\/#website"},"primaryImageOfPage":{"@id":"https:\/\/visitemporda.com\/fr\/professionals\/mitjans-i-operadors-turistics\/#primaryimage"},"image":{"@id":"https:\/\/visitemporda.com\/fr\/professionals\/mitjans-i-operadors-turistics\/#primaryimage"},"thumbnailUrl":"https:\/\/visitemporda.com\/wp-content\/uploads\/2020\/07\/photo-1483546416237-76fd26bbcdd1.jpg","datePublished":"2020-07-02T12:33:54+00:00","dateModified":"2021-08-03T11:10:07+00:00","breadcrumb":{"@id":"https:\/\/visitemporda.com\/fr\/professionals\/mitjans-i-operadors-turistics\/#breadcrumb"},"inLanguage":"fr-FR","potentialAction":[{"@type":"ReadAction","target":["https:\/\/visitemporda.com\/fr\/professionals\/mitjans-i-operadors-turistics\/"]}]},{"@type":"ImageObject","inLanguage":"fr-FR","@id":"https:\/\/visitemporda.com\/fr\/professionals\/mitjans-i-operadors-turistics\/#primaryimage","url":"https:\/\/visitemporda.com\/wp-content\/uploads\/2020\/07\/photo-1483546416237-76fd26bbcdd1.jpg","contentUrl":"https:\/\/visitemporda.com\/wp-content\/uploads\/2020\/07\/photo-1483546416237-76fd26bbcdd1.jpg","width":1350,"height":900,"caption":"llibreta amb un llapis a sobre"},{"@type":"BreadcrumbList","@id":"https:\/\/visitemporda.com\/fr\/professionals\/mitjans-i-operadors-turistics\/#breadcrumb","itemListElement":[{"@type":"ListItem","position":1,"name":"Inici","item":"https:\/\/visitemporda.com\/fr\/"},{"@type":"ListItem","position":2,"name":"Professionnels","item":"https:\/\/visitemporda.com\/fr\/professionals\/"},{"@type":"ListItem","position":3,"name":"Moyens et agences de voyages"}]},{"@type":"WebSite","@id":"https:\/\/visitemporda.com\/fr\/#website","url":"https:\/\/visitemporda.com\/fr\/","name":"Visit Empordà","description":"Site officiel du tourisme du Baix Empordà","publisher":{"@id":"https:\/\/visitemporda.com\/fr\/#organization"},"potentialAction":[{"@type":"SearchAction","target":{"@type":"EntryPoint","urlTemplate":"https:\/\/visitemporda.com\/fr\/?s={search_term_string}"},"query-input":{"@type":"PropertyValueSpecification","valueRequired":true,"valueName":"search_term_string"}}],"inLanguage":"fr-FR"},{"@type":"Organization","@id":"https:\/\/visitemporda.com\/fr\/#organization","name":"Consell Comarcal del Baix Empordà","url":"https:\/\/visitemporda.com\/fr\/","logo":{"@type":"ImageObject","inLanguage":"fr-FR","@id":"https:\/\/visitemporda.com\/fr\/#\/schema\/logo\/image\/","url":"https:\/\/visitemporda.com\/wp-content\/uploads\/2024\/11\/Logotip_CCBE.png","contentUrl":"https:\/\/visitemporda.com\/wp-content\/uploads\/2024\/11\/Logotip_CCBE.png","width":3617,"height":3617,"caption":"Consell Comarcal del Baix Empordà"},"image":{"@id":"https:\/\/visitemporda.com\/fr\/#\/schema\/logo\/image\/"},"sameAs":["https:\/\/www.facebook.com\/baixempordaturisme","https:\/\/x.com\/baixemporda_tur","https:\/\/www.instagram.com\/visitemporda"]}]}</script>
<!-- / Yoast SEO plugin. -->

Moyens et agences de voyages - Visit Empordà

L’Àrea de Turisme del Consell Comarcal del Baix Empordà (Secteur du Tourisme du Conseil Cantonal du Baix Empordà) œuvre également à la diffusion de l’Empordà et de la Costa Brava à échelle mondiale, notamment leurs ressources et leurs atouts. Une source de renseignements pour ces agents professionnels (presse, bloggeurs, agences de voyages, etc.) qui souhaitent [&hellip;]

Visit Empordà

Site officiel du tourisme du Baix Empordà

Consell Comarcal del Baix Empordà
