

{"id":19668,"date":"2019-12-31T09:10:56","date_gmt":"2019-12-31T08:10:56","guid":{"rendered":"http:\/\/visitemporda.com\/recomendaciones\/mal-tiempo\/pluja\/"},"modified":"2021-08-02T10:26:50","modified_gmt":"2021-08-02T08:26:50","slug":"lluvia","status":"publish","type":"page","link":"https:\/\/visitemporda.com\/es\/recomendaciones\/mal-tiempo\/lluvia\/","title":{"rendered":"Lluvia"},"content":{"rendered":"<p>La lluvia puede aparecer alguna vez. Durante el verano puede hacer acto de presencia en forma de tormentas, intensas pero de poca duraci\u00f3n. Por eso se tienen que resguardar pero en poco tiempo habr\u00e1 pasado y podr\u00e1n retomar su actividad.<\/p>\n<p>En el caso de lluvia ligera, se pueden hacer la mayor\u00eda de actividades descritas para un d\u00eda nublado. Adem\u00e1s, muchos de las principales calles comerciales de los n\u00facleos costeros concentran tiendas y comercios que forman cobijos continuos a lo largo de la calle, que no impiden su visita.<\/p>\n<p>La lluvia no es mala para los campos y los cultivos, tambi\u00e9n es buena para los r\u00edos. Por lo tanto, hay que saber apreciar estos momentos de lluvia.<\/p>\n<p>En el caso de lluvia muy intensa, tienen que evitar tomar riesgos. Los museos y equipamientos culturales son una alternativa que les aseguran un largo tiempo entretenidos.<\/p>\n<p>Tambi\u00e9n muchos establecimientos privados ofrecen muchos servicios en sus instalaciones que pueden ayudar a desconectar de la lluvia, disfrutando de servicios de spa, masajes, gimnasio u otros espacios recreativos.<\/p>\n","protected":false},"excerpt":{"rendered":"<p>La lluvia puede aparecer alguna vez. Durante el verano puede hacer acto de presencia en forma de tormentas, intensas pero de poca duraci\u00f3n. Por eso se tienen que resguardar pero en poco tiempo habr\u00e1 pasado y podr\u00e1n retomar su actividad. En el caso de lluvia ligera, se pueden hacer la mayor\u00eda de actividades descritas para [&hellip;]<\/p>\n","protected":false},"author":2,"featured_media":13691,"parent":19661,"menu_order":0,"comment_status":"closed","ping_status":"closed","template":"page-templates\/fitxa-campanyes-gastronomiques.php","meta":{"_acf_changed":false,"footnotes":""},"class_list":["post-19668","page","type-page","status-publish","has-post-thumbnail","hentry"],"acf":[],"yoast_head":"<!-- This site is optimized with the Yoast SEO plugin v27.4 - https:\/\/yoast.com\/product\/yoast-seo-wordpress\/ -->\n<title>Lluvia - Visit Empord\u00e0<\/title>\n<meta name=\"robots\" content=\"index, follow, max-snippet:-1, max-image-preview:large, max-video-preview:-1\" \/>\n<link rel=\"canonical\" href=\"https:\/\/visitemporda.com\/es\/recomendaciones\/mal-tiempo\/lluvia\/\" \/>\n<meta property=\"og:locale\" content=\"es_ES\" \/>\n<meta property=\"og:type\" content=\"article\" \/>\n<meta property=\"og:title\" content=\"Lluvia - Visit Empord\u00e0\" \/>\n<meta property=\"og:description\" content=\"La lluvia puede aparecer alguna vez. Durante el verano puede hacer acto de presencia en forma de tormentas, intensas pero de poca duraci\u00f3n. Por eso se tienen que resguardar pero en poco tiempo habr\u00e1 pasado y podr\u00e1n retomar su actividad. En el caso de lluvia ligera, se pueden hacer la mayor\u00eda de actividades descritas para [&hellip;]\" \/>\n<meta property=\"og:url\" content=\"https:\/\/visitemporda.com\/es\/recomendaciones\/mal-tiempo\/lluvia\/\" \/>\n<meta property=\"og:site_name\" content=\"Visit Empord\u00e0\" \/>\n<meta property=\"article:publisher\" content=\"https:\/\/www.facebook.com\/baixempordaturisme\" \/>\n<meta property=\"article:modified_time\" content=\"2021-08-02T08:26:50+00:00\" \/>\n<meta property=\"og:image\" content=\"https:\/\/visitemporda.com\/wp-content\/uploads\/2019\/12\/20190313_121055-1024x768.jpg\" \/>\n\t<meta property=\"og:image:width\" content=\"1024\" \/>\n\t<meta property=\"og:image:height\" content=\"768\" \/>\n\t<meta property=\"og:image:type\" content=\"image\/jpeg\" \/>\n<meta name=\"twitter:card\" content=\"summary_large_image\" \/>\n<meta name=\"twitter:site\" content=\"@baixemporda_tur\" \/>\n<meta name=\"twitter:label1\" content=\"Tiempo de lectura\" \/>\n\t<meta name=\"twitter:data1\" content=\"1 minuto\" \/>\n<script type=\"application\/ld+json\" class=\"yoast-schema-graph\">{\"@context\":\"https:\\\/\\\/schema.org\",\"@graph\":[{\"@type\":\"WebPage\",\"@id\":\"https:\\\/\\\/visitemporda.com\\\/es\\\/recomendaciones\\\/mal-tiempo\\\/lluvia\\\/\",\"url\":\"https:\\\/\\\/visitemporda.com\\\/es\\\/recomendaciones\\\/mal-tiempo\\\/lluvia\\\/\",\"name\":\"Lluvia - Visit Empord\u00e0\",\"isPartOf\":{\"@id\":\"https:\\\/\\\/visitemporda.com\\\/es\\\/#website\"},\"primaryImageOfPage\":{\"@id\":\"https:\\\/\\\/visitemporda.com\\\/es\\\/recomendaciones\\\/mal-tiempo\\\/lluvia\\\/#primaryimage\"},\"image\":{\"@id\":\"https:\\\/\\\/visitemporda.com\\\/es\\\/recomendaciones\\\/mal-tiempo\\\/lluvia\\\/#primaryimage\"},\"thumbnailUrl\":\"https:\\\/\\\/visitemporda.com\\\/wp-content\\\/uploads\\\/2019\\\/12\\\/20190313_121055.jpg\",\"datePublished\":\"2019-12-31T08:10:56+00:00\",\"dateModified\":\"2021-08-02T08:26:50+00:00\",\"breadcrumb\":{\"@id\":\"https:\\\/\\\/visitemporda.com\\\/es\\\/recomendaciones\\\/mal-tiempo\\\/lluvia\\\/#breadcrumb\"},\"inLanguage\":\"es\",\"potentialAction\":[{\"@type\":\"ReadAction\",\"target\":[\"https:\\\/\\\/visitemporda.com\\\/es\\\/recomendaciones\\\/mal-tiempo\\\/lluvia\\\/\"]}]},{\"@type\":\"ImageObject\",\"inLanguage\":\"es\",\"@id\":\"https:\\\/\\\/visitemporda.com\\\/es\\\/recomendaciones\\\/mal-tiempo\\\/lluvia\\\/#primaryimage\",\"url\":\"https:\\\/\\\/visitemporda.com\\\/wp-content\\\/uploads\\\/2019\\\/12\\\/20190313_121055.jpg\",\"contentUrl\":\"https:\\\/\\\/visitemporda.com\\\/wp-content\\\/uploads\\\/2019\\\/12\\\/20190313_121055.jpg\",\"width\":4608,\"height\":3456,\"caption\":\"sorra a proimer pla, el mar i a la dreta una part de costa urbanitzada\"},{\"@type\":\"BreadcrumbList\",\"@id\":\"https:\\\/\\\/visitemporda.com\\\/es\\\/recomendaciones\\\/mal-tiempo\\\/lluvia\\\/#breadcrumb\",\"itemListElement\":[{\"@type\":\"ListItem\",\"position\":1,\"name\":\"Inici\",\"item\":\"https:\\\/\\\/visitemporda.com\\\/es\\\/\"},{\"@type\":\"ListItem\",\"position\":2,\"name\":\"Recomendaciones\",\"item\":\"https:\\\/\\\/visitemporda.com\\\/es\\\/recomendaciones\\\/\"},{\"@type\":\"ListItem\",\"position\":3,\"name\":\"Mal tiempo\",\"item\":\"https:\\\/\\\/visitemporda.com\\\/es\\\/recomendaciones\\\/mal-tiempo\\\/\"},{\"@type\":\"ListItem\",\"position\":4,\"name\":\"Lluvia\"}]},{\"@type\":\"WebSite\",\"@id\":\"https:\\\/\\\/visitemporda.com\\\/es\\\/#website\",\"url\":\"https:\\\/\\\/visitemporda.com\\\/es\\\/\",\"name\":\"Visit Empord\u00e0\",\"description\":\"Web tur\u00edstica oficial del Baix Empord\u00e0\",\"publisher\":{\"@id\":\"https:\\\/\\\/visitemporda.com\\\/es\\\/#organization\"},\"potentialAction\":[{\"@type\":\"SearchAction\",\"target\":{\"@type\":\"EntryPoint\",\"urlTemplate\":\"https:\\\/\\\/visitemporda.com\\\/es\\\/?s={search_term_string}\"},\"query-input\":{\"@type\":\"PropertyValueSpecification\",\"valueRequired\":true,\"valueName\":\"search_term_string\"}}],\"inLanguage\":\"es\"},{\"@type\":\"Organization\",\"@id\":\"https:\\\/\\\/visitemporda.com\\\/es\\\/#organization\",\"name\":\"Consell Comarcal del Baix Empord\u00e0\",\"url\":\"https:\\\/\\\/visitemporda.com\\\/es\\\/\",\"logo\":{\"@type\":\"ImageObject\",\"inLanguage\":\"es\",\"@id\":\"https:\\\/\\\/visitemporda.com\\\/es\\\/#\\\/schema\\\/logo\\\/image\\\/\",\"url\":\"https:\\\/\\\/visitemporda.com\\\/wp-content\\\/uploads\\\/2024\\\/11\\\/Logotip_CCBE.png\",\"contentUrl\":\"https:\\\/\\\/visitemporda.com\\\/wp-content\\\/uploads\\\/2024\\\/11\\\/Logotip_CCBE.png\",\"width\":3617,\"height\":3617,\"caption\":\"Consell Comarcal del Baix Empord\u00e0\"},\"image\":{\"@id\":\"https:\\\/\\\/visitemporda.com\\\/es\\\/#\\\/schema\\\/logo\\\/image\\\/\"},\"sameAs\":[\"https:\\\/\\\/www.facebook.com\\\/baixempordaturisme\",\"https:\\\/\\\/x.com\\\/baixemporda_tur\",\"https:\\\/\\\/www.instagram.com\\\/visitemporda\"]}]}<\/script>\n<!-- \/ Yoast SEO plugin. -->","yoast_head_json":{"title":"Lluvia - Visit Empord\u00e0","robots":{"index":"index","follow":"follow","max-snippet":"max-snippet:-1","max-image-preview":"max-image-preview:large","max-video-preview":"max-video-preview:-1"},"canonical":"https:\/\/visitemporda.com\/es\/recomendaciones\/mal-tiempo\/lluvia\/","og_locale":"es_ES","og_type":"article","og_title":"Lluvia - Visit Empord\u00e0","og_description":"La lluvia puede aparecer alguna vez. Durante el verano puede hacer acto de presencia en forma de tormentas, intensas pero de poca duraci\u00f3n. Por eso se tienen que resguardar pero en poco tiempo habr\u00e1 pasado y podr\u00e1n retomar su actividad. En el caso de lluvia ligera, se pueden hacer la mayor\u00eda de actividades descritas para [&hellip;]","og_url":"https:\/\/visitemporda.com\/es\/recomendaciones\/mal-tiempo\/lluvia\/","og_site_name":"Visit Empord\u00e0","article_publisher":"https:\/\/www.facebook.com\/baixempordaturisme","article_modified_time":"2021-08-02T08:26:50+00:00","og_image":[{"width":1024,"height":768,"url":"https:\/\/visitemporda.com\/wp-content\/uploads\/2019\/12\/20190313_121055-1024x768.jpg","type":"image\/jpeg"}],"twitter_card":"summary_large_image","twitter_site":"@baixemporda_tur","twitter_misc":{"Tiempo de lectura":"1 minuto"},"schema":{"@context":"https:\/\/schema.org","@graph":[{"@type":"WebPage","@id":"https:\/\/visitemporda.com\/es\/recomendaciones\/mal-tiempo\/lluvia\/","url":"https:\/\/visitemporda.com\/es\/recomendaciones\/mal-tiempo\/lluvia\/","name":"Lluvia - Visit Empord\u00e0","isPartOf":{"@id":"https:\/\/visitemporda.com\/es\/#website"},"primaryImageOfPage":{"@id":"https:\/\/visitemporda.com\/es\/recomendaciones\/mal-tiempo\/lluvia\/#primaryimage"},"image":{"@id":"https:\/\/visitemporda.com\/es\/recomendaciones\/mal-tiempo\/lluvia\/#primaryimage"},"thumbnailUrl":"https:\/\/visitemporda.com\/wp-content\/uploads\/2019\/12\/20190313_121055.jpg","datePublished":"2019-12-31T08:10:56+00:00","dateModified":"2021-08-02T08:26:50+00:00","breadcrumb":{"@id":"https:\/\/visitemporda.com\/es\/recomendaciones\/mal-tiempo\/lluvia\/#breadcrumb"},"inLanguage":"es","potentialAction":[{"@type":"ReadAction","target":["https:\/\/visitemporda.com\/es\/recomendaciones\/mal-tiempo\/lluvia\/"]}]},{"@type":"ImageObject","inLanguage":"es","@id":"https:\/\/visitemporda.com\/es\/recomendaciones\/mal-tiempo\/lluvia\/#primaryimage","url":"https:\/\/visitemporda.com\/wp-content\/uploads\/2019\/12\/20190313_121055.jpg","contentUrl":"https:\/\/visitemporda.com\/wp-content\/uploads\/2019\/12\/20190313_121055.jpg","width":4608,"height":3456,"caption":"sorra a proimer pla, el mar i a la dreta una part de costa urbanitzada"},{"@type":"BreadcrumbList","@id":"https:\/\/visitemporda.com\/es\/recomendaciones\/mal-tiempo\/lluvia\/#breadcrumb","itemListElement":[{"@type":"ListItem","position":1,"name":"Inici","item":"https:\/\/visitemporda.com\/es\/"},{"@type":"ListItem","position":2,"name":"Recomendaciones","item":"https:\/\/visitemporda.com\/es\/recomendaciones\/"},{"@type":"ListItem","position":3,"name":"Mal tiempo","item":"https:\/\/visitemporda.com\/es\/recomendaciones\/mal-tiempo\/"},{"@type":"ListItem","position":4,"name":"Lluvia"}]},{"@type":"WebSite","@id":"https:\/\/visitemporda.com\/es\/#website","url":"https:\/\/visitemporda.com\/es\/","name":"Visit Empord\u00e0","description":"Web tur\u00edstica oficial del Baix Empord\u00e0","publisher":{"@id":"https:\/\/visitemporda.com\/es\/#organization"},"potentialAction":[{"@type":"SearchAction","target":{"@type":"EntryPoint","urlTemplate":"https:\/\/visitemporda.com\/es\/?s={search_term_string}"},"query-input":{"@type":"PropertyValueSpecification","valueRequired":true,"valueName":"search_term_string"}}],"inLanguage":"es"},{"@type":"Organization","@id":"https:\/\/visitemporda.com\/es\/#organization","name":"Consell Comarcal del Baix Empord\u00e0","url":"https:\/\/visitemporda.com\/es\/","logo":{"@type":"ImageObject","inLanguage":"es","@id":"https:\/\/visitemporda.com\/es\/#\/schema\/logo\/image\/","url":"https:\/\/visitemporda.com\/wp-content\/uploads\/2024\/11\/Logotip_CCBE.png","contentUrl":"https:\/\/visitemporda.com\/wp-content\/uploads\/2024\/11\/Logotip_CCBE.png","width":3617,"height":3617,"caption":"Consell Comarcal del Baix Empord\u00e0"},"image":{"@id":"https:\/\/visitemporda.com\/es\/#\/schema\/logo\/image\/"},"sameAs":["https:\/\/www.facebook.com\/baixempordaturisme","https:\/\/x.com\/baixemporda_tur","https:\/\/www.instagram.com\/visitemporda"]}]}},"_links":{"self":[{"href":"https:\/\/visitemporda.com\/es\/wp-json\/wp\/v2\/pages\/19668","targetHints":{"allow":["GET"]}}],"collection":[{"href":"https:\/\/visitemporda.com\/es\/wp-json\/wp\/v2\/pages"}],"about":[{"href":"https:\/\/visitemporda.com\/es\/wp-json\/wp\/v2\/types\/page"}],"author":[{"embeddable":true,"href":"https:\/\/visitemporda.com\/es\/wp-json\/wp\/v2\/users\/2"}],"replies":[{"embeddable":true,"href":"https:\/\/visitemporda.com\/es\/wp-json\/wp\/v2\/comments?post=19668"}],"version-history":[{"count":3,"href":"https:\/\/visitemporda.com\/es\/wp-json\/wp\/v2\/pages\/19668\/revisions"}],"predecessor-version":[{"id":34930,"href":"https:\/\/visitemporda.com\/es\/wp-json\/wp\/v2\/pages\/19668\/revisions\/34930"}],"up":[{"embeddable":true,"href":"https:\/\/visitemporda.com\/es\/wp-json\/wp\/v2\/pages\/19661"}],"wp:featuredmedia":[{"embeddable":true,"href":"https:\/\/visitemporda.com\/es\/wp-json\/wp\/v2\/media\/13691"}],"wp:attachment":[{"href":"https:\/\/visitemporda.com\/es\/wp-json\/wp\/v2\/media?parent=19668"}],"curies":[{"name":"wp","href":"https:\/\/api.w.org\/{rel}","templated":true}]}}

<p>La lluvia puede aparecer alguna vez. Durante el verano puede hacer acto de presencia en forma de tormentas, intensas pero de poca duración. Por eso se tienen que resguardar pero en poco tiempo habrá pasado y podrán retomar su actividad.</p>
<p>En el caso de lluvia ligera, se pueden hacer la mayoría de actividades descritas para un día nublado. Además, muchos de las principales calles comerciales de los núcleos costeros concentran tiendas y comercios que forman cobijos continuos a lo largo de la calle, que no impiden su visita.</p>
<p>La lluvia no es mala para los campos y los cultivos, también es buena para los ríos. Por lo tanto, hay que saber apreciar estos momentos de lluvia.</p>
<p>En el caso de lluvia muy intensa, tienen que evitar tomar riesgos. Los museos y equipamientos culturales son una alternativa que les aseguran un largo tiempo entretenidos.</p>
<p>También muchos establecimientos privados ofrecen muchos servicios en sus instalaciones que pueden ayudar a desconectar de la lluvia, disfrutando de servicios de spa, masajes, gimnasio u otros espacios recreativos.</p>

<p>La lluvia puede aparecer alguna vez. Durante el verano puede hacer acto de presencia en forma de tormentas, intensas pero de poca duración. Por eso se tienen que resguardar pero en poco tiempo habrá pasado y podrán retomar su actividad. En el caso de lluvia ligera, se pueden hacer la mayoría de actividades descritas para [&hellip;]</p>

<!-- This site is optimized with the Yoast SEO plugin v27.4 - https://yoast.com/product/yoast-seo-wordpress/ -->
<title>Lluvia - Visit Empordà</title>
<meta name="robots" content="index, follow, max-snippet:-1, max-image-preview:large, max-video-preview:-1" />
<link rel="canonical" href="https://visitemporda.com/es/recomendaciones/mal-tiempo/lluvia/" />
<meta property="og:locale" content="es_ES" />
<meta property="og:type" content="article" />
<meta property="og:title" content="Lluvia - Visit Empordà" />
<meta property="og:description" content="La lluvia puede aparecer alguna vez. Durante el verano puede hacer acto de presencia en forma de tormentas, intensas pero de poca duración. Por eso se tienen que resguardar pero en poco tiempo habrá pasado y podrán retomar su actividad. En el caso de lluvia ligera, se pueden hacer la mayoría de actividades descritas para [&hellip;]" />
<meta property="og:url" content="https://visitemporda.com/es/recomendaciones/mal-tiempo/lluvia/" />
<meta property="og:site_name" content="Visit Empordà" />
<meta property="article:publisher" content="https://www.facebook.com/baixempordaturisme" />
<meta property="article:modified_time" content="2021-08-02T08:26:50+00:00" />
<meta property="og:image" content="https://visitemporda.com/wp-content/uploads/2019/12/20190313_121055-1024x768.jpg" />
	<meta property="og:image:width" content="1024" />
	<meta property="og:image:height" content="768" />
	<meta property="og:image:type" content="image/jpeg" />
<meta name="twitter:card" content="summary_large_image" />
<meta name="twitter:site" content="@baixemporda_tur" />
<meta name="twitter:label1" content="Tiempo de lectura" />
	<meta name="twitter:data1" content="1 minuto" />
<script type="application/ld+json" class="yoast-schema-graph">{"@context":"https:\/\/schema.org","@graph":[{"@type":"WebPage","@id":"https:\/\/visitemporda.com\/es\/recomendaciones\/mal-tiempo\/lluvia\/","url":"https:\/\/visitemporda.com\/es\/recomendaciones\/mal-tiempo\/lluvia\/","name":"Lluvia - Visit Empordà","isPartOf":{"@id":"https:\/\/visitemporda.com\/es\/#website"},"primaryImageOfPage":{"@id":"https:\/\/visitemporda.com\/es\/recomendaciones\/mal-tiempo\/lluvia\/#primaryimage"},"image":{"@id":"https:\/\/visitemporda.com\/es\/recomendaciones\/mal-tiempo\/lluvia\/#primaryimage"},"thumbnailUrl":"https:\/\/visitemporda.com\/wp-content\/uploads\/2019\/12\/20190313_121055.jpg","datePublished":"2019-12-31T08:10:56+00:00","dateModified":"2021-08-02T08:26:50+00:00","breadcrumb":{"@id":"https:\/\/visitemporda.com\/es\/recomendaciones\/mal-tiempo\/lluvia\/#breadcrumb"},"inLanguage":"es","potentialAction":[{"@type":"ReadAction","target":["https:\/\/visitemporda.com\/es\/recomendaciones\/mal-tiempo\/lluvia\/"]}]},{"@type":"ImageObject","inLanguage":"es","@id":"https:\/\/visitemporda.com\/es\/recomendaciones\/mal-tiempo\/lluvia\/#primaryimage","url":"https:\/\/visitemporda.com\/wp-content\/uploads\/2019\/12\/20190313_121055.jpg","contentUrl":"https:\/\/visitemporda.com\/wp-content\/uploads\/2019\/12\/20190313_121055.jpg","width":4608,"height":3456,"caption":"sorra a proimer pla, el mar i a la dreta una part de costa urbanitzada"},{"@type":"BreadcrumbList","@id":"https:\/\/visitemporda.com\/es\/recomendaciones\/mal-tiempo\/lluvia\/#breadcrumb","itemListElement":[{"@type":"ListItem","position":1,"name":"Inici","item":"https:\/\/visitemporda.com\/es\/"},{"@type":"ListItem","position":2,"name":"Recomendaciones","item":"https:\/\/visitemporda.com\/es\/recomendaciones\/"},{"@type":"ListItem","position":3,"name":"Mal tiempo","item":"https:\/\/visitemporda.com\/es\/recomendaciones\/mal-tiempo\/"},{"@type":"ListItem","position":4,"name":"Lluvia"}]},{"@type":"WebSite","@id":"https:\/\/visitemporda.com\/es\/#website","url":"https:\/\/visitemporda.com\/es\/","name":"Visit Empordà","description":"Web turística oficial del Baix Empordà","publisher":{"@id":"https:\/\/visitemporda.com\/es\/#organization"},"potentialAction":[{"@type":"SearchAction","target":{"@type":"EntryPoint","urlTemplate":"https:\/\/visitemporda.com\/es\/?s={search_term_string}"},"query-input":{"@type":"PropertyValueSpecification","valueRequired":true,"valueName":"search_term_string"}}],"inLanguage":"es"},{"@type":"Organization","@id":"https:\/\/visitemporda.com\/es\/#organization","name":"Consell Comarcal del Baix Empordà","url":"https:\/\/visitemporda.com\/es\/","logo":{"@type":"ImageObject","inLanguage":"es","@id":"https:\/\/visitemporda.com\/es\/#\/schema\/logo\/image\/","url":"https:\/\/visitemporda.com\/wp-content\/uploads\/2024\/11\/Logotip_CCBE.png","contentUrl":"https:\/\/visitemporda.com\/wp-content\/uploads\/2024\/11\/Logotip_CCBE.png","width":3617,"height":3617,"caption":"Consell Comarcal del Baix Empordà"},"image":{"@id":"https:\/\/visitemporda.com\/es\/#\/schema\/logo\/image\/"},"sameAs":["https:\/\/www.facebook.com\/baixempordaturisme","https:\/\/x.com\/baixemporda_tur","https:\/\/www.instagram.com\/visitemporda"]}]}</script>
<!-- / Yoast SEO plugin. -->

Lluvia - Visit Empordà

La lluvia puede aparecer alguna vez. Durante el verano puede hacer acto de presencia en forma de tormentas, intensas pero de poca duración. Por eso se tienen que resguardar pero en poco tiempo habrá pasado y podrán retomar su actividad. En el caso de lluvia ligera, se pueden hacer la mayoría de actividades descritas para [&hellip;]

Visit Empordà

Web turística oficial del Baix Empordà

Consell Comarcal del Baix Empordà
